 by s(-3).
5
Suppose -24 = -2*u + 6*u. What is the remainder when (-620)/(-26) - (-12)/78 is divided by 2*3/(u/(-13))?
11
Let q = 4 + -2. What is the remainder when 19 is divided by q?
1
Let p = 99 - -50. What is the remainder when p is divided by 25?
24
Calculate the remainder when 52 is divided by -45*(-1 - -4 - (-85)/(-25)).
16
Calculate the remainder when 176 is divided by 1 + (-3 - -2) + (-36)/(-1).
32
What is the remainder when 50 is divided by (-1 - 66/(-54)) + (-160)/(-9)?
14
Let x(w) be the second derivative of 2*w**3/3 - 5*w**2/2 - 2*w. What is the remainder when 3/(-2) - (-637)/14 is divided by x(5)?
14
Suppose 3*w + 10 = -71. Let t = w + 48. Suppose -4*q = -4*r - 56, 2*r + 46 = 5*q + 5*r. Calculate the remainder when t is divided by q.
10
Suppose -z + 2*z = 0. Suppose 5*b + z*b - 25 = 0. Calculate the remainder when 2/(2/9 + 0) is divided by b.
4
Suppose 3*m - 2*p - 143 = 0, 0*m - 5*m - 2*p = -233. Let o = -18 + m. What is the remainder when 114 is divided by o?
27
Suppose 138 - 38 = 4*s. What is the remainder when s is divided by (168/24)/(1/1)?
4
Let y = -19 - -13. Let m(t) = -t**3 + 4*t**2 + 5*t - 5. Let f be m(5). What is the remainder when 16 is divided by y/(-7)*(12 + f)?
4
Calculate the remainder when (-24)/36*84/(-2) is divided by 8.
4
Suppose s - 13 = 4*m, 2*s + m = 6*m + 26. What is the remainder when 23 is divided by 78/s*(-4)/(-3)?
7
Let x = -59 - -82. Let q(d) = 2*d. Calculate the remainder when x is divided by q(4).
7
Let w be ((-1 - -5) + -4)/((-4)/2). Let v(z) be the second derivative of -z**3/6 + 79*z**2/2 + z. What is the remainder when v(w) is divided by 27?
25
Let a = -77 + 146. What is the remainder when a is divided by 18?
15
Suppose 0*p = 2*p - 4. What is the remainder when 14 is divided by p/10 - (-38)/10?
2
Let c = -12 + 32. Suppose 4*p + 4 = c. Calculate the remainder when 13 is divided by p.
1
Suppose 0 = 2*a + 4*p - 60, 2*p = 4*a + 6*p - 108. Suppose 3*m - 2*m = a. Calculate the remainder when 95 is divided by m.
23
Suppose -3 + 1 = -b. Let v be (-2)/5 + (-12)/(-5). Suppose -v*n + 6*n = 4. What is the remainder when b is divided by n?
0
Let g(f) = 8*f**2 - 11*f + 5. What is the remainder when g(4) is divided by 10?
9
Let p(m) = m + 14. Calculate the remainder when 77 is divided by p(6).
17
Suppose 2*g + 0*g - 4 = 0. Suppose g*o + 2*f + 2*f - 70 = 0, 5*o + f = 202. What is the remainder when o is divided by 392/(-42)*(-6)/4?
13
Suppose 0 = 4*h + 4, 3*g - 2*h - 107 = -0*h. Calculate the remainder when 171 is divided by g.
31
Let p be 2 + -3 + 17*1. Calculate the remainder when 13 is divided by 44/10 - p/40.
1
Let n = 181 + -88. What is the remainder when n is divided by 24?
21
Let y = -14 - 6. Let s = -8 - y. Let f(m) = -m**2 + 14*m - 5. Calculate the remainder when 36 is divided by f(s).
17
Let x(n) = n**3 + 8*n**2 - 8*n - 9. Calculate the remainder when x(-6) is divided by 28.
27
Let h = -2 + 7. Let u be -3*14*2/(-6). Let y = u - 6. Calculate the remainder when y is divided by h.
3
Let i(c) = 2*c + 21. Suppose -2*t - 5 = 5*r - 19, 0 = 3*t - 4*r - 44. Calculate the remainder when t is divided by i(-7).
5
Let y(k) = k - 4. Let p be y(3). Let g = p + 2. What is the remainder when 11 is divided by (1 - 0) + 4 + g?
5
Suppose 12 = 4*u - u. What is the remainder when 9 is divided by u?
1
Suppose -2*x + 12 = 2. Let k be ((-1)/3)/((-3)/27). Suppose -4*q + 10 + x = k*m, -3*q - 4*m + 6 = 0. What is the remainder when 11 is divided by q?
5
Suppose 0 = -4*n - 8, -3*n + 39 = 5*o. What is the remainder when 16 is divided by o?
7
Calculate the remainder when 33 is divided by (-6)/(7/3 - 3).
6
Let y(x) = -20*x - 17. What is the remainder when 77 is divided by y(-2)?
8
Calculate the remainder when 69 is divided by ((-8)/(-6))/(5*(-4)/(-210)).
13
Let r = 108 - 57. What is the remainder when r is divided by 9?
6
Let j = 59 + -14. Calculate the remainder when j is divided by 26.
19
Let g = 0 - -8. What is the remainder when (0 - 2)/(g/(-28)) is divided by 2?
1
Suppose 3*q = 4*b + 28 + 40, 5*q = -5*b + 90. Calculate the remainder when 38 is divided by q.
18
Suppose 2*z = -4*l - 82, -5*l + 10 - 114 = 3*z. Let t = 51 + l. What is the remainder when t is divided by 17?
15
Suppose q - 4*q = 0. Suppose 4*y - 77 + 13 = q. What is the remainder when 1*47 + (0 - 1) is divided by y?
14
Let p = 3 + -1. Calculate the remainder when 19 is divided by (-2)/(-4) - (-13)/p.
5
Suppose -2*i = -8, u + 3*i = -0*i + 82. What is the remainder when u is divided by 36?
34
Let n(a) = a**3 - 3*a**2 + a + 1. Let r = 9 - 6. What is the remainder when n(r) is divided by 2?
0
Let x = 20 + -6. Suppose f - 22 = 3. Calculate the remainder when f is divided by x.
11
Let b = 4 - -5. Calculate the remainder when 25 is divided by b.
7
Suppose j - 4 = 5. Let d = 10 - 7. What is the remainder when j is divided by d?
0
Suppose 15*a - 12*a - 45 = 0. What is the remainder when 54 is divided by a?
9
Let k(n) = n**2 - 5*n + 4. Let h be k(3). Calculate the remainder when 30 is divided by h/1*(3 - 11).
14
Let r(v) = -v - 3. Let i = -4 - 3. Suppose 2*s = -s + 21. Calculate the remainder when s is divided by r(i).
3
Suppose 5*n - 19 = 31. What is the remainder when (-188)/(-5) - (-4)/n is divided by (1 - 27)/((0 - 1)*2)?
12
Suppose 6*a = 2*a + 328. What is the remainder when a is divided by 5?
2
What is the remainder when 17 is divided by 37/7 - (-2)/(-7)?
2
Suppose 6*q - 15 = 3*q, 5*t - 5*q = 105. What is the remainder when 66 is divided by t?
14
Suppose 0 = 2*q + 7 - 71. Calculate the remainder when 93 is divided by q.
29
Let b be (3 + (-39)/12)*-4. What is the remainder when -1*(-13 - -2)/b is divided by 6?
5
Suppose 3*l - 27 = 3*b, -4*l = -2*l + 5*b + 3. What is the remainder when 21 is divided by l?
3
Suppose -5*z = 3*c + 26 - 369, 5*c + z = 557. Calculate the remainder when c is divided by ((-3)/(-1))/(30/280).
27
Let v = -15 - -17. Suppose -4*o = -20, 38 = v*t - t + 3*o. Calculate the remainder when 67 is divided by t.
21
Let z be ((-4)/10)/((-2)/(-20)). Let p be (z/8)/((-1)/46). Let w = p + -13. What is the remainder when w is divided by 4?
2
Let q(f) = -7*f. Let i be ((-2)/1)/(2/(-55)). Suppose 4*j + 11 = i. Calculate the remainder when q(-3) is divided by j.
10
Suppose -3 - 9 = -2*j. Let w = 2 + 0. Calculate the remainder when (-1 + 4)*j/9 is divided by w.
0
What is the remainder when 52 is divided by 1 - (2 - 0) - -28?
25
Let z(a) = a**2 - 8*a + 3. Calculate the remainder when 47 is divided by z(9).
11
Suppose 5*z - 16 - 69 = 0. Calculate the remainder when z is divided by 9.
8
Let w(q) = 2*q**3 - 5*q**2 + 3*q - 2. Suppose 0 = 2*l + 1 - 3. What is the remainder when w(3) is divided by l*1/(-1) + 10?
7
Suppose 4*g - 6 = 2*j, -22 = -3*g + j - 3*j. Calculate the remainder when g is divided by 1.
0
Let j = 22 - 5. Suppose -f - 16 = -5*v + 2*f, 4*v = f + j. What is the remainder when 9 is divided by v?
4
Suppose 5 = 2*s - 3*p + 2*p, -10 = -s - 2*p. Calculate the remainder when 18 is divided by s.
2
Suppose 4*q + 19 = 59. Calculate the remainder when q is divided by 1/(0 + 1/6).
4
Let c be 2/(-8) - 294/(-24). Suppose c + 3 = 5*l. Let n(s) = 2*s. Calculate the remainder when 10 is divided by n(l).
4
Suppose 5*f + 0*f - 316 = 4*c, 4*c + 188 = 3*f. Calculate the remainder when f is divided by 22.
20
Suppose 0*s = -2*s + 24. Suppose a - s = -a. Calculate the remainder when 11 is divided by a.
5
What is the remainder when 38 is divided by (-510)/(-25) + (-2)/5?
18
Let b = 118 - 55. Suppose -a - 6*a = -b. What is the remainder when 23 is divided by a?
5
Suppose 0 = 4*h - 3*h, q - 13 = 5*h. Calculate the remainder when 38 is divided by q.
12
Let g = 17 - 9. Calculate the remainder when 10 is divided by (12/g)/((-2)/(-8)).
4
Suppose -3*f + 21 + 0 = 0. Let l = -75 + 78. What is the remainder when f is divided by l?
1
Calculate the remainder when (-1128)/(-33) - 8/44 is divided by 6.
4
Let o be 2/((-22)/(-6) - 3). Suppose 3*n = r + 82, -r - 3*r = -o*n + 76. What is the remainder when 54 is divided by n?
26
Suppose -3*f + 123 = 2*h + h, -f = -4*h - 16. Suppose 0 = -2*n + 4*q + 24, -5*n - q + 29 = -20. What is the remainder when f is divided by n?
6
Suppose -2*k + 7*k = 80. What is the remainder when 28 is divided by k?
12
Let f(n) be the first derivative of n**3/3 + n**2/2 